{"id":35,"date":"2023-03-04T18:32:44","date_gmt":"2023-03-04T18:32:44","guid":{"rendered":"http:\/\/heile-mit-weile.ch\/?page_id=35"},"modified":"2026-04-16T18:59:17","modified_gmt":"2026-04-16T18:59:17","slug":"persoenlich","status":"publish","type":"page","link":"https:\/\/heile-mit-weile.ch\/?page_id=35","title":{"rendered":"Pers\u00f6nlich"},"content":{"rendered":"\n<h2 class=\"wp-block-heading has-text-align-left\">Lebensfluss<\/h2>\n\n\n\n<p class=\"has-text-align-left has-small-font-size wp-block-paragraph\">seit 2024 Dozentent\u00e4tigkeit bei eden-the-garden.ch academy<br>2023 Gr\u00fcndung Heilpflanzen-Akademie: eden-the-garden.ch<br>2023 Gr\u00fcndung Praxisgemeinschaft therapiehaus-triemli.ch<br>2023 Zertifizierte Naturheilpraktikerin TEN<br>seit 2023 bot. Exkursionsleiterin bei excellence<br>2020 Heartwood Herbal Medicine Professional Course 1. Year<br>2021 Zertifikat Phytotherapie SMGP<br>2018 CAS Ethnomedizin Uni ZH<br>2017 CAS Ethnobotanik Uni ZH<br>2017-22 Dozentent\u00e4tigkeit bei Phytomed AG<br>seit 2010 manuelle K\u00f6rpertherapie<br>2007-11 Rhythmik- und Tanzlehrerin<br>2005-25 Manufaktur bluetenschmaus.ch<br>2001-12 Programmiererin PHP, SQL, JAVA<br>1999-01 wissenschaftl. Mitarbeit Uni ZH<br>1999 Jazzschule Paris<br>1994-98 Chor-\/ Improvisationsunterricht, Konzerte<br>1994 M.Sc. Biologie, Pflanzenphysiologie Uni ZH<br>1987 Maturit\u00e4t B Kantonsschule Oerlikon<br>1968 geschl\u00fcpft<\/p>\n\n\n\n<div class=\"wp-block-media-text is-stacked-on-mobile\" style=\"grid-template-columns:26% auto\"><figure class=\"wp-block-media-text__media\"><img loading=\"lazy\" decoding=\"async\" width=\"774\" height=\"1024\" src=\"https:\/\/heile-mit-weile.ch\/wp-content\/uploads\/2023\/08\/Lilo_Meier_Rosen-2-774x1024.jpg\" alt=\"\" class=\"wp-image-472 size-full\" srcset=\"https:\/\/heile-mit-weile.ch\/wp-content\/uploads\/2023\/08\/Lilo_Meier_Rosen-2-774x1024.jpg 774w, https:\/\/heile-mit-weile.ch\/wp-content\/uploads\/2023\/08\/Lilo_Meier_Rosen-2-227x300.jpg 227w, https:\/\/heile-mit-weile.ch\/wp-content\/uploads\/2023\/08\/Lilo_Meier_Rosen-2-768x1016.jpg 768w, https:\/\/heile-mit-weile.ch\/wp-content\/uploads\/2023\/08\/Lilo_Meier_Rosen-2.jpg 1000w\" sizes=\"auto, (max-width: 774px) 100vw, 774px\" \/><\/figure><div class=\"wp-block-media-text__content\">\n<p class=\"wp-block-paragraph\"><strong>Weiterbildungen \/ meine Quellen<\/strong><\/p>\n\n\n\n<p class=\"has-small-font-size wp-block-paragraph\">&#8211; IMD Berlin<br>&#8211; Dr. med. Petra Wiechel<br>&#8211; Dr. med. Joachim Mutter<br>&#8211; Dr. Hartmut Fischer<br>&#8211; Dr. Robert Sapolsky<br>&#8211; Dr. med. Dorin Ritzmann<br>&#8211; Dr. Maya Dal Cero<br>&#8211; Prof. Dr. med. Reinhard Saller<br>&#8211; Dr. med. Simon Feldhaus<br>&#8211; Dr. Rupert Sheldrake<br>&#8211; Dr. med. Michael Nehls<br>&#8211; Dr. Bodo Kuklinksi<br>&#8211; Dr. Monica Gagliano<br>&#8211; Prof. Dr. Marcelo S\u00e1nchez<br>&#8211; B.Sc. Florian Schilling<br>&#8211; Dr. Gerald Pollak<\/p>\n<\/div><\/div>\n\n\n\n<p class=\"wp-block-paragraph\"><br><\/p>\n","protected":false},"excerpt":{"rendered":"<p>Lebensfluss seit 2024 Dozentent\u00e4tigkeit bei eden-the-garden.ch academy2023 Gr\u00fcndung Heilpflanzen-Akademie: eden-the-garden.ch2023 Gr\u00fcndung Praxisgemeinschaft therapiehaus-triemli.ch2023 Zertifizierte Naturheilpraktikerin TENseit 2023 bot. Exkursionsleiterin bei excellence2020 Heartwood Herbal Medicine Professional &hellip;<\/p>\n","protected":false},"author":1,"featured_media":0,"parent":0,"menu_order":0,"comment_status":"closed","ping_status":"closed","template":"","meta":{"footnotes":""},"class_list":["post-35","page","type-page","status-publish","hentry"],"_links":{"self":[{"href":"https:\/\/heile-mit-weile.ch\/index.php?rest_route=\/wp\/v2\/pages\/35","targetHints":{"allow":["GET"]}}],"collection":[{"href":"https:\/\/heile-mit-weile.ch\/index.php?rest_route=\/wp\/v2\/pages"}],"about":[{"href":"https:\/\/heile-mit-weile.ch\/index.php?rest_route=\/wp\/v2\/types\/page"}],"author":[{"embeddable":true,"href":"https:\/\/heile-mit-weile.ch\/index.php?rest_route=\/wp\/v2\/users\/1"}],"replies":[{"embeddable":true,"href":"https:\/\/heile-mit-weile.ch\/index.php?rest_route=%2Fwp%2Fv2%2Fcomments&post=35"}],"version-history":[{"count":45,"href":"https:\/\/heile-mit-weile.ch\/index.php?rest_route=\/wp\/v2\/pages\/35\/revisions"}],"predecessor-version":[{"id":1089,"href":"https:\/\/heile-mit-weile.ch\/index.php?rest_route=\/wp\/v2\/pages\/35\/revisions\/1089"}],"wp:attachment":[{"href":"https:\/\/heile-mit-weile.ch\/index.php?rest_route=%2Fwp%2Fv2%2Fmedia&parent=35"}],"curies":[{"name":"wp","href":"https:\/\/api.w.org\/{rel}","templated":true}]}}

Persönlich

<h2 class="wp-block-heading has-text-align-left">Lebensfluss</h2>



<p class="has-text-align-left has-small-font-size wp-block-paragraph">seit 2024 Dozententätigkeit bei eden-the-garden.ch academy<br>2023 Gründung Heilpflanzen-Akademie: eden-the-garden.ch<br>2023 Gründung Praxisgemeinschaft therapiehaus-triemli.ch<br>2023 Zertifizierte Naturheilpraktikerin TEN<br>seit 2023 bot. Exkursionsleiterin bei excellence<br>2020 Heartwood Herbal Medicine Professional Course 1. Year<br>2021 Zertifikat Phytotherapie SMGP<br>2018 CAS Ethnomedizin Uni ZH<br>2017 CAS Ethnobotanik Uni ZH<br>2017-22 Dozententätigkeit bei Phytomed AG<br>seit 2010 manuelle Körpertherapie<br>2007-11 Rhythmik- und Tanzlehrerin<br>2005-25 Manufaktur bluetenschmaus.ch<br>2001-12 Programmiererin PHP, SQL, JAVA<br>1999-01 wissenschaftl. Mitarbeit Uni ZH<br>1999 Jazzschule Paris<br>1994-98 Chor-/ Improvisationsunterricht, Konzerte<br>1994 M.Sc. Biologie, Pflanzenphysiologie Uni ZH<br>1987 Maturität B Kantonsschule Oerlikon<br>1968 geschlüpft</p>



<div class="wp-block-media-text is-stacked-on-mobile" style="grid-template-columns:26% auto"><figure class="wp-block-media-text__media"><img loading="lazy" decoding="async" width="774" height="1024" src="https://heile-mit-weile.ch/wp-content/uploads/2023/08/Lilo_Meier_Rosen-2-774x1024.jpg" alt="" class="wp-image-472 size-full" srcset="https://heile-mit-weile.ch/wp-content/uploads/2023/08/Lilo_Meier_Rosen-2-774x1024.jpg 774w, https://heile-mit-weile.ch/wp-content/uploads/2023/08/Lilo_Meier_Rosen-2-227x300.jpg 227w, https://heile-mit-weile.ch/wp-content/uploads/2023/08/Lilo_Meier_Rosen-2-768x1016.jpg 768w, https://heile-mit-weile.ch/wp-content/uploads/2023/08/Lilo_Meier_Rosen-2.jpg 1000w" sizes="auto, (max-width: 774px) 100vw, 774px" /></figure><div class="wp-block-media-text__content">
<p class="wp-block-paragraph"><strong>Weiterbildungen / meine Quellen</strong></p>



<p class="has-small-font-size wp-block-paragraph">&#8211; IMD Berlin<br>&#8211; Dr. med. Petra Wiechel<br>&#8211; Dr. med. Joachim Mutter<br>&#8211; Dr. Hartmut Fischer<br>&#8211; Dr. Robert Sapolsky<br>&#8211; Dr. med. Dorin Ritzmann<br>&#8211; Dr. Maya Dal Cero<br>&#8211; Prof. Dr. med. Reinhard Saller<br>&#8211; Dr. med. Simon Feldhaus<br>&#8211; Dr. Rupert Sheldrake<br>&#8211; Dr. med. Michael Nehls<br>&#8211; Dr. Bodo Kuklinksi<br>&#8211; Dr. Monica Gagliano<br>&#8211; Prof. Dr. Marcelo Sánchez<br>&#8211; B.Sc. Florian Schilling<br>&#8211; Dr. Gerald Pollak</p>
</div></div>



<p class="wp-block-paragraph"><br></p>

<p>Lebensfluss seit 2024 Dozententätigkeit bei eden-the-garden.ch academy2023 Gründung Heilpflanzen-Akademie: eden-the-garden.ch2023 Gründung Praxisgemeinschaft therapiehaus-triemli.ch2023 Zertifizierte Naturheilpraktikerin TENseit 2023 bot. Exkursionsleiterin bei excellence2020 Heartwood Herbal Medicine Professional &hellip;</p>
